621 prime?
True
Is 11113 composite?
False
Is 36391 composite?
True
Is 1673 composite?
True
Is 89959 a prime number?
True
Is 28493 composite?
False
Is 14137 composite?
True
Is 131791 a prime number?
False
Is 2153 a composite number?
False
Is 359887 prime?
False
Is 6463 prime?
False
Is 535451 a prime number?
False
Is 27923 a prime number?
False
Is 70841 a prime number?
True
Is 2951 prime?
False
Is 1081 a composite number?
True
Is 119963 prime?
True
Is 43637 prime?
False
Is 2395 a prime number?
False
Is 12981 a prime number?
False
Is 60281 a prime number?
False
Is 2117459 a composite number?
True
Is 12143 composite?
False
Is 1171 composite?
False
Is 37381 a composite number?
True
Is 225577 a composite number?
True
Is 3761 a prime number?
True
Is 66713 prime?
True
Is 58538 composite?
True
Is 28761 prime?
False
Is 4009 composite?
True
Is 55483 prime?
False
Is 48999 prime?
False
Is 315587 a prime number?
False
Is 11789 a prime number?
True
Is 46837 a prime number?
False
Is 4969699 prime?
False
Is 14485 a prime number?
False
Is 1852879 prime?
False
Is 12323 a prime number?
True
Is 19661 composite?
False
Is 18947 composite?
False
Is 58726 prime?
False
Is 299221 prime?
False
Is 132809 composite?
True
Is 31303 prime?
False
Is 40195 a prime number?
False
Is 68626 composite?
True
Is 4241 a prime number?
True
Is 8641 a prime number?
True
Is 281107 a composite number?
True
Is 701 a composite number?
False
Is 4799 prime?
True
Is 27143 a prime number?
True
Is 1236623 composite?
False
Is 22 a prime number?
False
Is 217979 a composite number?
False
Is 54469 a prime number?
True
Is 2068679 a prime number?
False
Is 68719 prime?
False
Is 20005 prime?
False
Is 12047 prime?
False
Is 905713 prime?
True
Is 22823 a composite number?
True
Is 11597 a prime number?
True
Is 50639 a composite number?
True
Is 78097 composite?
True
Is 14519 a prime number?
True
Is 12083 prime?
False
Is 56863 a prime number?
False
Is 201193 composite?
False
Is 249005 prime?
False
Is 51581 composite?
False
Is 42709 a prime number?
True
Is 48073 a prime number?
True
Is 429433 composite?
True
Is 129707 a composite number?
False
Is 13027 a prime number?
False
Is 24359 a composite number?
False
Is 1368065 a composite number?
True
Is 1523809 prime?
False
Is 152653 prime?
False
Is 9033 composite?
True
Is 144671 prime?
True
Is 17567 prime?
False
Is 898 composite?
True
Is 433859 prime?
True
Is 107441 a prime number?
True
Is 223 a prime number?
True
Is 27689 a prime number?
True
Is 298013 a prime number?
True
Is 27883 composite?
False
Is 364093 composite?
True
Is 3489 prime?
False
Is 219433 composite?
False
Is 121003 a composite number?
True
Is 43619 composite?
True
Is 15127 composite?
True
Is 3203 prime?
True
Is 32183 prime?
True
Is 2333 a composite number?
False
Is 5989 composite?
True
Is 258659 a prime number?
True
Is 169529 a prime number?
False
Is 161363 composite?
False
Is 156089 composite?
False
Is 3027 prime?
False
Is 5899 composite?
True
Is 263429 composite?
False
Is 3165113 a prime number?
False
Is 573143 a prime number?
True
Is 159307 prime?
False
Is 2334763 prime?
False
Is 126539 a composite number?
True
Is 1071253 prime?
True
Is 197803 prime?
True
Is 1446157 a prime number?
False
Is 5333 a prime number?
True
Is 4894 composite?
True
Is 233119 composite?
True
Is 1861039 composite?
False
Is 115405 prime?
False
Is 1397 a prime number?
False
Is 260701 a composite number?
True
Is 85411 composite?
False
Is 3337 composite?
True
Is 8147 a prime number?
True
Is 35491 a prime number?
True
Is 312899 a prime number?
True
Is 1963 composite?
True
Is 233069 a prime number?
True
Is 288413 a prime number?
True
Is 1905017 a prime number?
True
Is 7789 composite?
False
Is 41011 a prime number?
True
Is 301139 a composite number?
True
Is 417617 a composite number?
False
Is 61283 composite?
False
Is 27479 prime?
True
Is 394595 a prime number?
False
Is 45791 prime?
False
Is 3833 composite?
False
Is 65789 composite?
False
Is 142774 composite?
True
Is 4661 prime?
False
Is 5045 a composite number?
True
Is 2447 a prime number?
True
Is 574417 a composite number?
True
Is 411131 a composite number?
True
Is 35477 a composite number?
True
Is 278 a prime number?
False
Is 674771 a composite number?
False
Is 35011 a prime number?
False
Is 12323 a composite number?
False
Is 8483 composite?
True
Is 2939 a prime number?
True
Is 1163 a composite number?
False
Is 1733 prime?
True
Is 43657 prime?
False
Is 142213 composite?
True
Is 20249 a composite number?
False
Is 209 a composite number?
True
Is 512959 a composite number?
False
Is 21467 a prime number?
True
Is 65047 prime?
False
Is 338893 a composite number?
False
Is 82589 prime?
False
Is 415 a prime number?
False
Is 203037 composite?
True
Is 66697 composite?
False
Is 141761 a prime number?
True
Is 6463 a prime number?
False
Is 4957 a prime number?
True
Is 7431 a composite number?
True
Is 284705 composite?
True
Is 617509 prime?
True
Is 1571 a prime number?
True
Is 123887 prime?
True
Is 47557 composite?
True
Is 20593 a composite number?
False
Is 12449 composite?
True
Is 157777 prime?
False
Is 48707 a composite number?
True
Is 128903 prime?
True
Is 60303 a prime number?
False
Is 9901 a prime number?
True
Is 49831 a composite number?
False
Is 91421 a prime number?
False
Is 1361 a composite number?
False
Is 246837 composite?
True
Is 1009 prime?
True
Is 132589 composite?
False
Is 13001 a prime number?
True
Is 65791 a composite number?
True
Is 41086 a prime number?
False
Is 1631797 a composite number?
False
Is 202277 a prime number?
True
Is 7871 composite?
True
Is 29893 prime?
False
Is 6742 a prime number?
False
Is 4594111 composite?
True
Is 4453 composite?
True
Is 12058 a composite number?
True
Is 1897589 prime?
True
Is 5227 prime?
True
Is 818 a composite number?
True
Is 68321 a prime number?
False
Is 3988877 a composite number?
False
Is 54217 prime?
True
Is 318377 composite?
False
Is 241387 a prime number?
False
Is 117743 a composite number?
True
Is 235127 prime?
False
Is 27341 a prime number?
False
Is 32543 prime?
False
Is 552017 composite?
True
Is 5813 prime?
True
Is 4631 prime?
False
Is 317 a composite number?
False
Is 26797 a prime number?
False
Is 12689 a prime number?
True
Is 33379 prime?
False
Is 314543 a prime number?
True
Is 6509 composite?
True
Is 33679 a prime number?
True
Is 702007 a composite number?
False
Is 33513 prime?
False
Is 121133 prime?
False
Is 32741 a prime number?
False
Is 14509 prime?
False
Is 13283 prime?
False
Is 117851 composite?
False
Is 24071 prime?
True
Is 24041 a prime number?
False
Is 14797 composite?
False
Is 368021 composite?
False
Is 91529 composite?
False
Is 23093 prime?
False
Is 6389 a prime number?
True
Is 904979 composite?
True
Is 28901 a prime number?
True
Is 113983 prime?
True
Is 3691 a prime number?
True
Is 1006087 a prime number?
True
Is 28927 prime?
True
Is 60251 a prime number?
True
Is 3587 a prime number?
False
Is 131357 composite?
False
Is 419 prime?
True
Is 335341 a prime number?
True
Is 77137 prime?
True
Is 379 composite?
False
Is 1847 a prime number?
True
Is 7639 a composite number?
False
Is 38039 a prime number?
True
Is 42509 composite?
False
Is 6761 a composite number?
False
Is 54701 prime?
False
Is 83519 a composite number?
True
Is 14597 a prime number?
False
Is 132077 a composite number?
True
Is 105997 prime?
True
Is 33961 a composite number?
False
Is 1711 prime?
False
Is 7019 prime?
True
Is 105727 a composite number?
False
Is 3390899 prime?
True
Is 30273 a composite number?
True
Is 1633787 composite?
False
Is 329813 a prime number?
False
Is 396133 composite?
True
Is 10967 prime?
False
Is 160481 a composite number?
False
Is 212417 a composite number?
True
Is 2503 a composite number?
False
Is 71899 a composite number?
False
Is 245153 a composite number?
True
Is 373 prime?
True
Is 31087 composite?
True
Is 5363 prime?
False
Is 11677 prime?
True
Is 404039 a prime number?
False
Is 39523 a composite number?
True
Is 526027 a composite number?
False
Is 204577 prime?
False
Is 345067 a prime number?
True
Is 11279 a composite number?
False
Is 7789 composite?
False
Is 73993 composite?
True
Is 967 a prime number?
True
Is 56051 a prime number?
False
Is 5147 a composite number?
False
Is 729493 a prime number?
True
Is 2101 a prime number?
Fal